 factors of z?
2
List the prime factors of 48/(-32) - 226/(-4).
5, 11
Let m(g) = g**2 + 5*g - 2. Let c be m(-6). Suppose -c*s + 40 + 24 = 3*r, 5*r + 2*s = 102. List the prime factors of r.
2, 5
Let x = 15 - 11. Let o = x + 1. What are the prime factors of 10/4*18/o?
3
Let s be 4/(-22) + (-204)/(-33). Suppose s = i + i. Suppose -4*m = i - 23. List the prime factors of m.
5
Let k(j) = 8*j - 4. Suppose 5*v + 3 - 18 = 0. Let x be k(v). Suppose 5*o = x + 20. What are the prime factors of o?
2
Suppose -15*l = -12*l - 237. List the prime factors of l.
79
What are the prime factors of (-1)/((1/230)/((-3)/6))?
5, 23
Suppose 6*g - 830 = -4*x + 3*g, x = 3*g + 215. List the prime factors of x.
11, 19
Suppose 0 = -x + 2 + 3. Let z(o) = -o**3 + 5*o**2 + 3*o - 4. List the prime factors of z(x).
11
Suppose 0 = -8*w + 4*w + 144. Suppose 4*c - 94 = 5*l, -2*c = l + 2*l - w. List the prime factors of c.
3, 7
Let q(h) = h**2 - 6*h + 6. Let r be 0*2/4 + 7. What are the prime factors of q(r)?
13
Let n(i) = i - 1. Let f(x) = -7*x**3 + x**2 + 2*x + 1. Let k(r) = r**2 + 3*r + 1. Let c be k(-1). Let w be f(c). List the prime factors of n(w).
2, 3
Suppose 2*p = 9 + 1. Suppose 2*v - p = 27. What are the prime factors of v?
2
Let z(n) = 16*n**2 - n + 1. Suppose 3*w + 6 = -0, -w + 22 = 4*r. Let o = 7 - r. List the prime factors of z(o).
2
Let v(q) be the first derivative of 3*q**2 - 4*q + 2. Let x(f) = f**3 + f**2 + 3. Let h be x(0). What are the prime factors of v(h)?
2, 7
Let a(j) = -j - 3. List the prime factors of a(-17).
2, 7
Let s = 5 - 3. Suppose -s*q - 1 = -5. What are the prime factors of (-2 - 9/(-3)) + q?
3
Suppose -3*m + 16 = m. Suppose 5*f - v - 51 = -m*v, 5*f - v = 63. List the prime factors of f.
2, 3
Let r = 58 + -32. What are the prime factors of r?
2, 13
Let j(v) = -v**3 + 7*v**2 + 12*v - 4. Let i = -12 + 20. List the prime factors of j(i).
2, 7
Suppose 4*d - 310 = -3*x - d, -4*d + 400 = 4*x. What are the prime factors of x?
5, 19
Suppose i + 11 = -0*i. Let u(t) = -t**2 - 13*t - 8. What are the prime factors of u(i)?
2, 7
Let o(t) = t**3 + 20*t**2 + 8*t + 17. What are the prime factors of o(-19)?
2, 113
Let r = -10 + 20. What are the prime factors of r?
2, 5
Let s(t) = t**3 + 5*t**2 + 2*t + 6. Let b be s(-5). What are the prime factors of b/(-6)*(46 + -10)?
2, 3
Let o(q) = -q**2 + 6*q + 7. Let j be (12 + -3)*1/3. Suppose j*d - 6 - 9 = 0. What are the prime factors of o(d)?
2, 3
Let r(w) = -w**3 - 9*w**2 - w - 3. Let u(a) be the first derivative of -a**4/4 + a**3/3 - 3*a**2/2 + a + 1. Let p be u(2). What are the prime factors of r(p)?
2, 3
Suppose -j = -6*j. Let b be (6/4)/(11/44). Suppose j = m - 5 - b. What are the prime factors of m?
11
Let d = -53 + 76. List the prime factors of d.
23
Suppose 10 = -4*q - 6. Let v(t) be the second derivative of -t**5/20 - t**4/4 + t**3/2 + t**2/2 + t. List the prime factors of v(q).
5
Let n(j) = -6*j - 3. Let m be n(-2). Let g be (-6)/m*(1 + -7). Suppose l = 3*u - 9, -4*l - g*u + u = -24. What are the prime factors of l?
3
Suppose k + 0*w - 36 = w, -2*k + 97 = 3*w. What are the prime factors of k?
41
Let f(h) = h**3 - 2*h**2 - 3*h + 13. List the prime factors of f(6).
139
Let o be 0/((-6)/(-2) - 1). Let t(k) = 2*k**2 - k + 3. Let b(p) = p**2 + 1. Let d(j) = -b(j) + t(j). What are the prime factors of d(o)?
2
Suppose 6*t - t - 260 = 0. List the prime factors of t.
2, 13
Let i(m) = m**3 - 7*m**2 + 5*m - 3. Let r be i(8). Suppose -g - r = -3*g - 5*v, -3*g + 4*v = -117. Let y = -26 + g. What are the prime factors of y?
17
Suppose 2*n - 16 = -2*d, 0 = -2*n - 4 - 0. List the prime factors of d.
2, 5
Suppose -4 = 3*j + 2, t + 5*j + 6 = 0. List the prime factors of 37 + (0/t - 2).
5, 7
Suppose -48 = -3*u - u. Let l be u + -3 - (1 - 0). Suppose 5*z = z + l. What are the prime factors of z?
2
Let g = 11 + -8. List the prime factors of (-142)/(-5) - g/(-5).
29
List the prime factors of (4*3)/2 - 1.
5
Let m(z) = z**3 - 6*z**2. Let p be m(7). Let k = p - 27. Let o = -12 + k. What are the prime factors of o?
2, 5
Let l(h) = h**3 + 5*h**2 - 3*h - 6. Let k be (-2 - -1)*(2 - -3). What are the prime factors of l(k)?
3
Let r = -31 - -10. Let b = 34 + r. Suppose -b = -3*o + 11. List the prime factors of o.
2
Suppose -49 = -a - 2*g, -3*a = -g - 3*g - 147. List the prime factors of a.
7
Let q(t) = t**3 - 11*t**2 + 13*t - 6. Let s be q(10). Suppose -2*h = -0*h - s. Suppose j - h = 9. What are the prime factors of j?
3, 7
Let h = 13 + -8. Suppose 2*s - 66 + 22 = -h*v, -32 = -3*v - 4*s. What are the prime factors of v?
2
Let c = 171 + -99. Suppose -3*s + c = -90. Suppose l - 4*z + 0 = 3, -3*l + 3*z + s = 0. What are the prime factors of l?
23
Let t(l) = l**2 + 6*l + 3. Let z be t(-7). Suppose -z = -p + 3*f, -4*p - 13 = 4*f - 37. What are the prime factors of p?
7
Suppose 2*g + 0*g - 80 = 0. What are the prime factors of g?
2, 5
List the prime factors of (52/(-6) + -2)*(-18)/8.
2, 3
Let f = -22 - -12. Suppose -5*o - 2*w = 60, 10*w = 5*w + 25. Let i = f - o. What are the prime factors of i?
2
Let x = 49 + -15. What are the prime factors of x?
2, 17
Suppose 2*f + 14 = 5*z - 1, 5*z = 5. Let u = 3 + f. List the prime factors of u/(-8) + 46/8.
2, 3
Let g(w) = -w**3 - 4*w**2 - 4*w - 1. Let m be g(-3). Suppose 4*d + m*c + 264 = 0, d + 3*c + 56 = -0*d. What are the prime factors of 2/3 - d/6?
2, 3
Suppose -2*k = -2*w + 3*k - 9, -6 = 3*w - 5*k. Suppose 0 = -3*l, 4*i + w*l = -i + 50. List the prime factors of i.
2, 5
Let i(l) = -18*l + 32. What are the prime factors of i(-7)?
2, 79
Suppose -10*j - 2 = -9*j. Suppose 0 = -5*v + 27 - 7. What are the prime factors of (-1 + v - 33)/j?
3, 5
List the prime factors of (-120)/(-18) + 2/(-3).
2, 3
Let q = 4 - 2. Suppose -7*w = -q*w - 35. List the prime factors of w.
7
Let x(t) = t + 5. Let s be x(-4). Let b be ((-3)/s)/(2/(-2)). Suppose b = -h + 8. What are the prime factors of h?
5
Let x(d) = 1 + 6*d - 3 - d + d. Suppose p + 1 = 0, -4*k + p = 5*p - 4. What are the prime factors of x(k)?
2, 5
What are the prime factors of 4/(-22) - (3 - 536/44)?
3
Let q be 26/7 + (-4)/(-14). Let n be (-84)/(-8)*q/6. Suppose n*a - 2*a = 30. What are the prime factors of a?
2, 3
Let y(f) = -f**3 - 11*f**2 + 8. List the prime factors of y(-11).
2
Let p = 5 + -6. Let i = 4 - p. List the prime factors of i.
5
Let n be (0 - -1)*-1 + 10. Let w = 17 - 1. Let x = w - n. What are the prime factors of x?
7
Suppose -5*d - 12 = -82. What are the prime factors of d?
2, 7
Let j = 12 + -9. Let w(c) = 3*c**2 + 3*c**2 + c**j - 7*c + 1 - c + 0. What are the prime factors of w(-7)?
2
Let k(v) = -3*v - 4. Suppose 2 = -5*b - 8. Let i be 1/2 + 7/b. What are the prime factors of k(i)?
5
Let f = -29 + 120. List the prime factors of f.
7, 13
Suppose b - 3*b = 0. Suppose o - 4*m - 4 = -o, b = 4*o + 5*m - 34. Let g = -3 + o. What are the prime factors of g?
3
Suppose 5*c - 2*c = 48. Suppose a = -4*t + 18, -a - a - c = -5*t. What are the prime factors of 0/a - (-7)/1?
7
Suppose 6 = -3*i + 12. Suppose -2*w = q - 21, -i*w = 3*w - q - 63. Suppose -69 = -3*z - w. List the prime factors of z.
19
Let j be -4 - -3 - (0 + -5). Let a = j + 0. List the prime factors of a.
2
Let b = -71 + 83. List the prime factors of b.
2, 3
Let d = -289 - -571. List the prime factors of d.
2, 3, 47
Let g = 12 - 24. Let n = g + 27. List the prime factors of n.
3, 5
What are the prime factors of (2 - 5)*(-262)/6?
131
Let h be (-1 - -2) + 8/4. Suppose 3*j = -h*g + 186, -5*g + 2*j = 83 - 358. What are the prime factors of g?
3, 19
Suppose 33 = z - 4*z. Let j = -9 - z. List the prime factors of j.
2
Let h = 124 - 24. What are the prime factors of h?
2, 5
Let v(s) = 5*s - 2. Let q be v(4). Suppose -c + 0*f = 2*f - q, -5*f = -5*c + 75. List the prime factors of c.
2
Let s(h) = h**2 - 2*h**2 + 2*h**2 + 2*h + 2. Let w be s(-3). Suppose -5*y = -w - 50. List the prime factors of y.
11
Let u be (-17)/(-34)*1*12. Suppose 5 = p - u. List the prime factors of p.
11
Suppose 4*d = -12, 4*d + 39 = r - 0*r. What are the prime factors of r?
3
Let m(h) = -h**3 - 10*h**2 - 3*h - 24. What are the prime factors of m(-10)?
2, 3
Suppose -2*q - 4 = -6*q. List the prime factors of 3 - (q + 0/4).
2
Let q be 0/1 - (-6 - 0). Let a(o) = 2*o - 4. List the prime factors of a(q).
2
Let x = -271 + 451. List the prime